{"id":1528,"date":"2016-08-29T14:57:51","date_gmt":"2016-08-29T13:57:51","guid":{"rendered":"http:\/\/www.tropique-du-papillon.com\/ca\/?page_id=1528"},"modified":"2016-08-29T14:57:51","modified_gmt":"2016-08-29T13:57:51","slug":"el-jardi-mediterrani","status":"publish","type":"page","link":"https:\/\/www.tropique-du-papillon.com\/ca\/el-jardi\/el-jardi-mediterrani\/","title":{"rendered":"El jard\u00ed mediterrani"},"content":{"rendered":"<h2>A la sortida de l\u2019ocellera, una hect\u00e0rea de benestar us espera<\/h2>\n<p>Aquest espai contrasta amb l&#8217;interior de l\u2019ocellera.<br \/>\nEs passa d&#8217;un ambient tropical, humit, luxuri\u00f3s i ric, quasi similar al d&#8217;un bosc equatorial a un ambient mediterrani on les plantes s\u2019han seleccionat en funci\u00f3  del clima sec i calor\u00f3s de la Catalunya del nord. Al centre del jard\u00ed hi ha instal\u00b7lat un xiringuito, enfront d&#8217;una gran gespa de kikuy\u00fa, on  el infants podran fer unes tombarelles i jugar a la pilota.<br \/>\nUn nou espai, una nova passejada, i noves sensacions per gaudir durant el temps d&#8217;una pausa!<br \/>\nEls bamb\u00fas filtren la llum i procuren la sensaci\u00f3 d\u2019un jard\u00ed laberint.<br \/>\nUns bancs i uns safaretjos ritmen el circuit, i unes carpes  l\u2019ombregen per allargar el plaer.<br \/>\nL&#8217;escenografia del viatge que us proposem s\u2019ha realitzat amb materials naturals (bamb\u00fas\/ fusta arrossegada pel mar\/ pedres de parets de terrasses de vinyes), que posen en relleu els massissos de flors.<br \/>\nAquest jard\u00ed es vol senzill i natural perqu\u00e8 l&#8217;objectiu principal \u00e9s sentir-s&#8217;hi b\u00e9.<\/p>\n<p>&nbsp;<\/p>\nngg_shortcode_0_placeholder\n<h2>No oblidem, als aficionats de bot\u00e0nica!<\/h2>\n<p>Les diverses col\u00b7leccions de plantes mediterr\u00e0nies (esp\u00edgols, phlomis, cistes, s\u00e0lvies, farigoles, etc) us proposen durant el pas de les temporades de l\u2019any, les seves floresc\u00e8ncies. Tamb\u00e9 s\u2019han posat lleugerament en relleu algunes gram\u00ednies.<br \/>\nLa sequera planteja un important problema, per un jardiner del clima mediterrani. L\u2019estiu \u00e9s calor\u00f3s i sec i els vents s\u00f3n sovint molt violents.<br \/>\nEn lloc de lluitar contra aquest fet, es privilegia el cultiu de vegetals adaptats.<br \/>\nEl jard\u00ed del Tr\u00f2pic de les papallones ha estat pensat en aquest sentit: totes les plantes que s\u2019hi troben, s\u00f3n d\u2019origen mediterrani, permeten un jardinatge que respecte  aquestes condicions  i estalvia l\u2019aigua, un recurs preci\u00f3s a les nostres comarques.<br \/>\nPoc a poc, s\u2019obren al p\u00fablic nous espais d\u2019aquest jard\u00ed. \u00c9s el cas per la temporada 2016. La finca, abandonada en principi, va ser modelada i plantada a partir del 2009. Des de l\u2019inici, any rere any, els massissos s\u2019hi expandeixen.<br \/>\nS&#8217;est\u00e0 realitzant un gran estanyol, al voltant del qual s\u2019han creat uns prats florits, que permetran a les nostres estimades libadores seguir treballant i existint.<\/p>\n","protected":false},"excerpt":{"rendered":"<p>A la sortida de l\u2019ocellera, una hect\u00e0rea de benestar us espera Aquest espai contrasta amb l&#8217;interior de l\u2019ocellera. Es passa d&#8217;un ambient tropical, humit, luxuri\u00f3s i ric, quasi similar al d&#8217;un bosc equatorial a un ambient mediterrani on les plantes s\u2019han seleccionat en funci\u00f3 del clima sec i calor\u00f3s de la Catalunya del nord. Al [&hellip;]<\/p>\n","protected":false},"author":1,"featured_media":644,"parent":1524,"menu_order":0,"comment_status":"closed","ping_status":"closed","template":"","meta":{"ngg_post_thumbnail":0},"_links":{"self":[{"href":"https:\/\/www.tropique-du-papillon.com\/ca\/wp-json\/wp\/v2\/pages\/1528"}],"collection":[{"href":"https:\/\/www.tropique-du-papillon.com\/ca\/wp-json\/wp\/v2\/pages"}],"about":[{"href":"https:\/\/www.tropique-du-papillon.com\/ca\/wp-json\/wp\/v2\/types\/page"}],"author":[{"embeddable":true,"href":"https:\/\/www.tropique-du-papillon.com\/ca\/wp-json\/wp\/v2\/users\/1"}],"replies":[{"embeddable":true,"href":"https:\/\/www.tropique-du-papillon.com\/ca\/wp-json\/wp\/v2\/comments?post=1528"}],"version-history":[{"count":1,"href":"https:\/\/www.tropique-du-papillon.com\/ca\/wp-json\/wp\/v2\/pages\/1528\/revisions"}],"predecessor-version":[{"id":1529,"href":"https:\/\/www.tropique-du-papillon.com\/ca\/wp-json\/wp\/v2\/pages\/1528\/revisions\/1529"}],"up":[{"embeddable":true,"href":"https:\/\/www.tropique-du-papillon.com\/ca\/wp-json\/wp\/v2\/pages\/1524"}],"wp:featuredmedia":[{"embeddable":true,"href":"https:\/\/www.tropique-du-papillon.com\/ca\/wp-json\/wp\/v2\/media\/644"}],"wp:attachment":[{"href":"https:\/\/www.tropique-du-papillon.com\/ca\/wp-json\/wp\/v2\/media?parent=1528"}],"curies":[{"name":"wp","href":"https:\/\/api.w.org\/{rel}","templated":true}]}}

El jardí mediterrani

<h2>A la sortida de l’ocellera, una hectàrea de benestar us espera</h2>
<p>Aquest espai contrasta amb l&#8217;interior de l’ocellera.<br />
Es passa d&#8217;un ambient tropical, humit, luxuriós i ric, quasi similar al d&#8217;un bosc equatorial a un ambient mediterrani on les plantes s’han seleccionat en funció  del clima sec i calorós de la Catalunya del nord. Al centre del jardí hi ha instal·lat un xiringuito, enfront d&#8217;una gran gespa de kikuyú, on  el infants podran fer unes tombarelles i jugar a la pilota.<br />
Un nou espai, una nova passejada, i noves sensacions per gaudir durant el temps d&#8217;una pausa!<br />
Els bambús filtren la llum i procuren la sensació d’un jardí laberint.<br />
Uns bancs i uns safaretjos ritmen el circuit, i unes carpes  l’ombregen per allargar el plaer.<br />
L&#8217;escenografia del viatge que us proposem s’ha realitzat amb materials naturals (bambús/ fusta arrossegada pel mar/ pedres de parets de terrasses de vinyes), que posen en relleu els massissos de flors.<br />
Aquest jardí es vol senzill i natural perquè l&#8217;objectiu principal és sentir-s&#8217;hi bé.</p>
<p>&nbsp;</p>
ngg_shortcode_0_placeholder
<h2>No oblidem, als aficionats de botànica!</h2>
<p>Les diverses col·leccions de plantes mediterrànies (espígols, phlomis, cistes, sàlvies, farigoles, etc) us proposen durant el pas de les temporades de l’any, les seves florescències. També s’han posat lleugerament en relleu algunes gramínies.<br />
La sequera planteja un important problema, per un jardiner del clima mediterrani. L’estiu és calorós i sec i els vents són sovint molt violents.<br />
En lloc de lluitar contra aquest fet, es privilegia el cultiu de vegetals adaptats.<br />
El jardí del Tròpic de les papallones ha estat pensat en aquest sentit: totes les plantes que s’hi troben, són d’origen mediterrani, permeten un jardinatge que respecte  aquestes condicions  i estalvia l’aigua, un recurs preciós a les nostres comarques.<br />
Poc a poc, s’obren al públic nous espais d’aquest jardí. És el cas per la temporada 2016. La finca, abandonada en principi, va ser modelada i plantada a partir del 2009. Des de l’inici, any rere any, els massissos s’hi expandeixen.<br />
S&#8217;està realitzant un gran estanyol, al voltant del qual s’han creat uns prats florits, que permetran a les nostres estimades libadores seguir treballant i existint.</p>

<p>A la sortida de l’ocellera, una hectàrea de benestar us espera Aquest espai contrasta amb l&#8217;interior de l’ocellera. Es passa d&#8217;un ambient tropical, humit, luxuriós i ric, quasi similar al d&#8217;un bosc equatorial a un ambient mediterrani on les plantes s’han seleccionat en funció del clima sec i calorós de la Catalunya del nord. Al [&hellip;]</p>
